?
2, 3, 5
Suppose -2*x - 384 = 5*a, 2*a + 3*x + 114 + 33 = 0. List the prime factors of (-2)/((2/(-30))/((-455)/a)).
5, 7
Suppose u = -3*h - 1 - 19, -5*h = -3*u + 24. Let n be ((-4)/(-3))/((-2)/h). List the prime factors of (n/5)/((-4)/(-30)).
2, 3
Let o = -90 + 62. Let n be -71 - (2/(-1) + 0). Let p = o - n. List the prime factors of p.
41
Suppose u - 1495 - 2710 = 5*c, -2*u = -3*c - 8424. List the prime factors of u.
3, 5, 281
Suppose 3*i = -4*i + 2548. Suppose 5*p = 2*s - 241, -2*s + 5*s - 5*p - i = 0. What are the prime factors of s?
3, 41
Let p(o) = -o - 4 + 6*o**2 - 2*o**2 + 3*o**2 + 12*o**2. What are the prime factors of p(-3)?
2, 5, 17
Let q be (1/((-6)/(-400)))/((-34)/(-102)). Let d(p) = -p**2 + 4*p. Let s be d(3). Suppose s*u = 8*u - q. List the prime factors of u.
2, 5
Suppose 0 = i - 8 + 6. Suppose -l + 66 = 3*l + i*o, l - 15 = -2*o. What are the prime factors of l?
17
Suppose -111085 = -24*p - 19381. What are the prime factors of p?
3821
Let f be (-2)/6 + 32/6. Suppose -5*s = -5*o + 375, o + 0*s - 105 = -f*s. List the prime factors of o.
2, 5
Let k(j) = 3*j - 4. Let b(o) = -o + 1. Let s(m) = 2*b(m) + k(m). Let z be 7 - ((-6)/(-1))/(-3). List the prime factors of s(z).
7
Suppose 3*v - 1615 = -2*t + 2299, -3*v + 3908 = 5*t. What are the prime factors of v?
2, 653
Suppose -z - 2*z = 4*p - 27, 4*p - 20 = 4*z. What are the prime factors of (92/3)/(2/p)?
2, 23
Let t(h) = 125*h - 11. List the prime factors of t(4).
3, 163
Let y = -3652 + 5723. List the prime factors of y.
19, 109
Suppose -16508 - 22256 = -44*n. List the prime factors of n.
881
Let x = -141 + 1646. What are the prime factors of x?
5, 7, 43
Suppose 3*x + h = 12, 3*x - 2*h = -2*x + 9. Let y(m) = -m - 4*m**2 + 12 + 4 + 17 + x*m**2. List the prime factors of y(0).
3, 11
Let n(i) = 91*i + 25. Let v be n(8). Suppose s = y + 189, s + v = 5*s - y. What are the prime factors of s?
2, 47
Let n(h) = -h**2. Let j(c) = 11*c - 28. Let y(r) = -j(r) - 4*n(r). List the prime factors of y(8).
2, 7
Let v be (2/4)/(1/14). Let f = 1157 - 1137. Let p = f - v. List the prime factors of p.
13
Let l be (-8)/(-16) + (-2)/(-4). Suppose 0 = 5*r - l + 36. Let a(g) = -6*g - 11. What are the prime factors of a(r)?
31
Let q = -9 + 11. Suppose -34 = -2*x + 2*j, -2*x + q*j - 5*j = -34. Suppose 2*p + x = 3*p + 4*b, 2*p - 22 = -2*b. What are the prime factors of p?
3
Let b be -2*(-3)/12*2. Suppose -4*p + 11 = r - b, -4*p + 12 = 3*r. Suppose j = 2*y + 4, -4*y + p - 5 = j. List the prime factors of j.
2
What are the prime factors of ((-50)/(-200))/(1/2804)?
701
Suppose 1 = 6*o + 67. Let r = o - -26. List the prime factors of r.
3, 5
Suppose 17*r - 513 = 8*r. Let c = 95 - r. What are the prime factors of c?
2, 19
Let f(c) = -2 + 2*c - 8*c**2 + 2*c**2 + 12*c**2 + 0*c**2. What are the prime factors of f(2)?
2, 13
Let y(p) = -p**3 - 3*p**2 + 17*p - 7. Let i be y(-8). Let l = 319 - i. List the prime factors of l.
2, 71
Suppose -37*y = -9225 - 59373. What are the prime factors of y?
2, 3, 103
What are the prime factors of (-3 + 6)*-1*107/(-3)?
107
Suppose 217 + 2549 = 4*q + z, 5*z - 2774 = -4*q. What are the prime factors of q?
691
Suppose -5*n + 3*s + 110 = -0*s, -5*s + 100 = 3*n. Let b = 54 - n. List the prime factors of b.
29
Suppose 52 + 288 = 5*l. Suppose 0 = k - 3*k + l. Let b = k + -20. What are the prime factors of b?
2, 7
Suppose -2*c - 3*k = 15, 6*c - 5*k + 63 = 2*c. Let m = 121 - c. List the prime factors of m.
7, 19
Let l(t) = 263*t - 3. Suppose 0 = -5*a - 2*f + 8 + 7, -4*f = -a - 19. Let x be l(a). Suppose -18*v - x = -22*v. List the prime factors of v.
5, 13
Suppose 243 = a - 113. List the prime factors of a.
2, 89
Let g = -53 - -63. Suppose -4*q = g*q - 238. What are the prime factors of q?
17
Let x be (3/2)/(4/8). Suppose 5*j = -x*j + 888. List the prime factors of j.
3, 37
Let g(z) = 253*z - 253. Let c(d) = -14*d + 14. Let i(x) = 55*c(x) + 3*g(x). Let l be i(-8). Let y = l + -59. What are the prime factors of y?
2, 5
Let f(h) = 5*h**2 + 22*h - 38. What are the prime factors of f(-11)?
5, 13
Let b(p) = 29*p + 10. List the prime factors of b(0).
2, 5
Suppose 0 = -n + 2*t + 109, 5*n - 3*t + 0*t - 559 = 0. Suppose -2*d = -4*d + 6. Suppose -109 = -3*v + 2*k, 4*k = 6*v - d*v - n. What are the prime factors of v?
5, 7
Let a be (33/9)/(1/3). Suppose 6*n - a*n + 465 = 0. List the prime factors of n.
3, 31
Let u(b) = -b**2 - 104*b - 55. List the prime factors of u(-35).
2, 5, 59
Let f be -20*(1 + 1/1). Let y be -3 - (f + 3) - -2. Let z = -21 + y. List the prime factors of z.
3, 5
Suppose -5*y - 3*i = -3*y - 3200, -y + 1600 = -5*i. List the prime factors of y.
2, 5
Suppose -2*q = -8*q + 4734. List the prime factors of q.
3, 263
Let j be 30/(-4) + 1/2. Let w(s) = s**3 + 7*s**2 - 8*s - 8. List the prime factors of w(j).
2, 3
Suppose -15 - 76 = -p. List the prime factors of p.
7, 13
Let o(a) = -5*a + 2*a + 4*a - 16. Let h be o(13). List the prime factors of 146/6 - 2/h.
5
Let v(i) = -i**2 - 17. Let j be v(-10). Let w = j - -171. List the prime factors of w.
2, 3
Suppose -13*a - 41*a = -43956. What are the prime factors of a?
2, 11, 37
Let i(k) = -k**2 + k. Let o(y) = -5*y**2 + 5*y + 1. Let f(c) = -6*i(c) + o(c). Let z = 0 + -6. What are the prime factors of f(z)?
43
Let u(k) = -k**3 + 16*k**2 + 8*k - 24. Suppose 0*q = 2*n - q - 32, 2*n + 3*q - 32 = 0. What are the prime factors of u(n)?
2, 13
Let s(h) = 5*h + 53. Let g(q) = q + 13. Let o(x) = 9*g(x) - 2*s(x). Let u be o(15). List the prime factors of (-110)/(-3) + u/(-12).
37
Let y = -6 - -6. Suppose y = 2*f - z + 4*z - 26, 0 = -4*f - 3*z + 52. Suppose 0 = -l + 16 + f. List the prime factors of l.
29
Let b = 17 + -14. Let x(z) = 4*z**2 - b*z**2 + 35 - 2*z + 0*z**2. List the prime factors of x(0).
5, 7
Let x(c) = 5*c + 12. Let h be x(10). Suppose -44 = -p + 3*m - 2*m, -h = -p - 5*m. List the prime factors of p.
47
Suppose -3*p = -5*a + 278, -2*p = 2*a - a - 53. What are the prime factors of a?
5, 11
Let j = 1852 + -1179. List the prime factors of j.
673
Let h be 1 + 1 - 2*2. List the prime factors of (186/(-15))/(h/10).
2, 31
Let l be 2/(-1 + (-3 - -3)). Let c(s) = 11*s**2 + 2*s - 3. Let b(a) = -a**2 - a. Let q(m) = 6*b(m) + c(m). List the prime factors of q(l).
5
Suppose -94 - 118 = -4*g + 5*c, -5*c = 5*g - 265. Suppose -w - 13 = -g. Suppose -3*r + w = -2. List the prime factors of r.
2, 7
Let p be (3/6*-74)/1. Let c = p + 78. List the prime factors of c.
41
Let j = -9 + 12. Suppose 52 = z - 3*f, -j*f = -4*z + 2*f + 215. List the prime factors of z.
5, 11
Suppose -5*x + 4*p = -4901, -3712 = -3*x - 5*p - 801. What are the prime factors of x?
977
Let y = 118 + 258. What are the prime factors of y?
2, 47
Let g(c) be the first derivative of 7*c**3/3 - 7*c**2/2 - 3*c + 19. List the prime factors of g(-5).
3, 23
Let w(m) = -3*m**2 + 3*m + 2. Let f be w(2). List the prime factors of f/8*(-130)/1.
5, 13
Let b(r) be the first derivative of -r**2 - 10*r - 2. Let m be b(-9). Let v = m + 3. What are the prime factors of v?
11
Let x = -184 + 314. Let w = 270 - x. List the prime factors of w.
2, 5, 7
Suppose -26*s + 540 = -25*s. List the prime factors of s.
2, 3, 5
Let l(b) = -29 + 2*b**2 + 11*b - 3*b + 9 - 4. What are the prime factors of l(-11)?
2, 5, 13
Let d(f) = -f**3 - 15*f**2 - 18*f - 6. Let o = -19 + 5. List the prime factors of d(o).
2, 5
Let o = 15 + -7. Suppose o*l = 5*l - 9. List the prime factors of 2/l*3 - -35.
3, 11
Let m(z) = -5*z**2 - 4*z - 4. Let o(i) = -11*i**2 - 9*i - 8. Let a(l) = -5*m(l) + 2*o(l). What are the prime factors of a(-5)?
3, 23
Let d(l) = 4 + 5 - 19*l + 4 + 7*l. What are the prime factors of d(-8)?
109
Suppose 0 = -10*o + 9*o + 778. What are the prime factors of o?
2, 389
Let b be 2*-1*21/6. Let c = 12 + b. Suppose -2*f = 2*i - 10 - 16, -56 = -c*f - 2*i. List the prime factors of f.
2, 5
Suppose 26 + 1 = 3*g. Suppose -4*o + 10 = -g*o. Let u(i) = -8*i**3 + 2*i**2 + 4*i + 4. What are the prime factors of u(o)?
2, 17
Suppose 0 = 8*z - 7*z - 5*d - 3936, 4*z - 15774 = 5*d. What are the prime factors of z?
2, 1973
Let g = -1186 - -1663. What are the prime factors of g?
3, 53
Let d be ((-10)/3)/(8/(-12)). Suppose 2*m - m - 45 = 0. Suppose -m = -u - d*f, 6*f = 2*u + f - 15. List the prime factors of u.
2, 5
Let r be 63/(-6)*2/(-3). Let b(s) = 0 